 What is the hundreds digit of b?
4
Suppose -5*l + 5*i + 350 = 0, -2*i - 78 = -l + 3*i. Let r = 11 - l. Let u = r - -92. What is the tens digit of u?
3
Let t be (925 - -1)/(-6 - -7). Suppose o - 229 = -s + 3*o, 4*s - 3*o - t = 0. What is the hundreds digit of s?
2
Let q = -103 + 71. Let j = 48 + q. What is the units digit of j?
6
Let z = 1106 - 557. What is the hundreds digit of z?
5
What is the tens digit of (-7 + (-2005)/(-15))*12/10?
5
Let r = 1464 - 813. What is the hundreds digit of r?
6
Let i = 779 - 282. What is the units digit of i?
7
Let l(v) = -v**2 + v + 10. Let j be l(0). Let u be 22/5 - (-6)/j. Let b(a) = -a**3 + 5*a**2 + 11*a + 5. What is the units digit of b(u)?
0
What is the units digit of (-3)/(2/145*(-20)/16)?
4
Let s(z) be the second derivative of z**5/20 + 7*z**4/12 + 2*z**3/3 + z**2/2 + 7*z. What is the tens digit of s(-3)?
2
Suppose 0 = 4*j + 16, -3*b + 4*b + 3*j = 114. Let i = b + -51. What is the tens digit of i?
7
Let j(d) = 19*d**2 - 2*d - 28. What is the tens digit of j(-4)?
8
Suppose -8 = w + 2*h, h + 0 = -2*w - 1. Let g be 6/(-4)*32/(-48) - -1. Suppose g*f - 10 = 3*s, w*s = -f + 4*s + 6. What is the units digit of f?
2
Let s(u) = -u**3 - 4*u**2 + 6*u - 11. Let d be s(-9). Suppose 0 = -4*h - 0*h + d. What is the tens digit of h?
8
Suppose 4913 + 16147 = 15*h. What is the thousands digit of h?
1
Let z(d) = 2*d**3 + 15*d**2 + 3*d + 7. Let g be z(-7). Suppose -g*a = -31*a - 216. What is the tens digit of a?
5
Suppose 0 = g - 16*o + 21*o - 412, 0 = 5*g + 2*o - 2014. What is the hundreds digit of g?
4
Let w(q) = -8*q - 2. Let k be w(1). Let p(y) = -11 + 1 - 6*y**2 - 3*y - y**3 - 4*y**2. What is the tens digit of p(k)?
2
What is the units digit of (-96)/(-15)*55/2?
6
Let f be ((-2)/(-4))/((-10)/(-80)). Let k(g) = -g**3 + 6*g**2 - g - 4. Let u be k(f). Suppose 4*b = b + u. What is the units digit of b?
8
Suppose 0 = -t + 4*t - 6. Suppose 0*d = -2*d + 3*k + 111, -t*k - 164 = -3*d. Suppose -78 - d = -3*h. What is the tens digit of h?
4
Let y(o) = 4*o**3 - 2*o + 2. Let q be y(1). Suppose -3*k + 115 = -4*c, -q*k + 0*c + 140 = -2*c. What is the units digit of k?
3
What is the tens digit of (454/(-3))/((-70)/105)?
2
Suppose -i + 0*i = 2*w - 36, -4*w = i - 28. Let t = i + -4. What is the tens digit of t?
4
Let k(s) = -s**3 - 15*s**2 + 15*s - 16. Let t be k(-16). Suppose 3*q - q + 18 = t. What is the tens digit of 2/(-6) - 291/q?
3
Let p(n) = 8*n + 18. Let x be p(-4). Let v(w) = -5*w - 68. What is the units digit of v(x)?
2
Suppose 147 = 3*o - 0*z + 3*z, -20 = -4*z. Let u = o + 218. What is the units digit of u?
2
Let i(c) = 2 - 6 + 8*c**2 - 7*c**2. Let r be i(-3). Suppose -r*l + 98 = -22. What is the units digit of l?
4
Suppose 0 = 2*k - 3*k + 4*u - 10, u = -3*k + 9. Suppose 0*x = k*x - 170. What is the units digit of x?
5
Suppose 0 = -10*u + 81*u - 23430. What is the hundreds digit of u?
3
Let n(z) = z**3 - z**2 + 14*z + 133. What is the units digit of n(0)?
3
Let f be 336/(-304) - (-2)/19. Let z = 40 - 8. Let x = z + f. What is the units digit of x?
1
What is the thousands digit of 1/4 - 19/((-836)/114521)?
2
Let z(f) = 17*f - 2. Let k = -20 + 10. Let p = -9 - k. What is the tens digit of z(p)?
1
Let q(s) = s**3 + 6*s**2 - 4*s + 7. Let o be q(-7). Let f = -10 - o. What is the units digit of f?
4
Let i be (-14)/49 - 354/(-14). Suppose 3*n + 0*o - 50 = -5*o, 2*n = 5*o + i. What is the tens digit of n?
1
Let c(a) = 2*a**2 - 7*a + 11. Let q be c(8). Let w = q - 5. What is the tens digit of w?
7
Let m be ((-6)/(-10))/((-2)/40*4). What is the tens digit of (m/(-6)*2)/(-2)*-28?
1
Suppose -3*r + 23 = -4*n, -5*n + 8 - 34 = -r. Let u(i) = -126*i + 1. Let w be u(r). Let o = w - -191. What is the units digit of o?
6
Let u be (-1936)/(-10) - (-18)/(-30). Suppose -u = 4*b + 3*x, -2*x + x + 161 = -3*b. What is the tens digit of 0 + 0 + b/(-2)?
2
Let r(c) = -c**3 + 34*c**2 - 35*c + 2. What is the tens digit of r(32)?
3
Let q be (2 + -4 + 5)/(-1). Let m be 245/(-21) + 1/q. What is the units digit of 6/m - 3/(-2)?
1
Let u = -29 + 67. Suppose i + u = 2*i. What is the tens digit of i?
3
Let x(b) = -43*b + 58*b - 30*b - 5. Let f be x(-3). What is the units digit of 24/(-20)*f/(-6)?
8
What is the units digit of (-3)/(-9)*6 + 98876/19?
6
Let k = 902 + -568. What is the hundreds digit of k?
3
Suppose -j + 3003 = 4*f, 0 = 5*f - 4*f - 4*j - 755. Suppose -21 + f = 5*d. What is the units digit of d?
6
Let t = 106 + -103. Suppose -t*m - c + 6*c = -745, -2*c = -3*m + 748. What is the units digit of m?
0
Let w(n) be the first derivative of n**5/120 + 7*n**4/24 + 5*n**3/3 + 3. Let q(f) be the third derivative of w(f). What is the units digit of q(-4)?
3
Let u = -239 - -406. Suppose -u = -5*x + 2*l, -4*x + l + 34 = -3*x. What is the units digit of x?
3
Suppose 3*n + 0*w - w = 1, -n - 2*w + 12 = 0. Suppose 6*o - 20 = n*o. Suppose 0 = o*f + 4*x - 95, 5 = 3*x - 2*x. What is the tens digit of f?
1
Let o = 651 + 304. What is the hundreds digit of o?
9
Let r = -91 - -46. Let v = -29 - r. What is the tens digit of v?
1
Let g(b) = b**3 - 3*b**2 - 7*b + 5. Let o be g(4). Let t = o - -10. Suppose 0 = -4*f - 3*j + 7*j + 12, f + 2*j - t = 0. What is the units digit of f?
3
What is the tens digit of (2 - 0)*22451/22?
4
Suppose -2*p = 77*y - 76*y - 4630, y = 6*p + 4670. What is the hundreds digit of y?
6
Suppose 0 = 5*h + 5*z - 0*z - 7080, -4*h = -2*z - 5688. What is the tens digit of h?
2
Suppose -7*a + 4*a = -7515. What is the hundreds digit of a?
5
Suppose -7*h + 3*h - 2*r = -10, -r = 1. Suppose 5*d - 4 = -n - h*n, -5*n + 26 = d. Suppose 27 = n*v - 5*v. What is the units digit of v?
7
Suppose -c + 1 = p, -1 = 3*p - 4. Suppose -10*x + 7*x + 432 = c. What is the units digit of x?
4
Let a be (1 - 616)*(0 - 1). Suppose -20*o = -17*o - a. What is the units digit of o?
5
Let t(g) = g**2 + 8*g - 11. Let b be t(-10). Let m = b - 14. Let d(q) = -2*q + 2. What is the units digit of d(m)?
2
Let f(a) = 24*a**2 - a - 1. Suppose 0*h = -5*h + 45. Let s = h - 10. What is the units digit of f(s)?
4
Suppose 3*x - 16 = -0*x - r, r = 5*x - 24. Suppose -x*s = v + v - 14, s - 4 = 0. What is the units digit of v/2 + (-54)/(-12)?
3
Let b = 81 - 50. What is the units digit of b?
1
Suppose -7*m = -3*m - 2*b - 1210, -4 = 4*b. What is the tens digit of m?
0
Suppose -3*g + 5889 = 3*t, -4*t = -3*g - g + 7844. What is the tens digit of g?
6
Let u be 16/32*54/(-1). Let x = 24 + u. What is the tens digit of (-2)/(393/(-129) - x)?
4
Let t(z) be the first derivative of -z**2/2 + 2*z - 1. Suppose 11 + 21 = -8*o. What is the units digit of t(o)?
6
Let j be -2*(10/35 + (-17)/(-14)). Let h(l) = -20*l - 11. What is the units digit of h(j)?
9
Let q(v) = -13*v**3 - 3*v**2 - 4*v - 3. Let z be q(-2). Suppose 3*a = 17 + z. What is the tens digit of a?
3
Let t = -37 + 58. What is the tens digit of (t/63)/((-1)/(-54))?
1
Let q = -1460 + 2133. What is the tens digit of q?
7
Suppose -m + 0*m + 10982 = 3*b, 4*m = -4*b + 14656. What is the tens digit of b?
5
Let h(w) = w**2 - 2*w - 1. Let r be h(-1). Suppose -2*b - t - 21 = -0*t, r*b = 5*t - 39. What is the tens digit of 9/(-54) - 206/b?
1
Suppose 19*u - 75 = 14*u. Suppose 14*t = u*t + 31. Let h = -30 - t. What is the units digit of h?
1
Let i = -39 + 33. Let o be (i/7)/((-9)/42). Suppose -11 - 73 = -o*k. What is the tens digit of k?
2
Suppose -2*b - 3*l + 4212 = 1204, -7515 = -5*b - 5*l. What is the thousands digit of b?
1
Suppose 7*c - 671 = -216. Suppose -6*t + 263 = c. What is the tens digit of t?
3
Let s(y) = y**2 - 2*y - 2. Let m = 1 + 2. Suppose 5*q = -m*j - 16, 2*q + 3 = -4*j + 5. What is the units digit of s(j)?
1
Suppose -3*p - 2842 = -4*r, 3*p = 5*r - 2*p - 3550. What is the tens digit of r?
1
Let f be -1*(-128 + (-1)/(-1)). What is the tens digit of f/6 - 4/24?
2
Let r be 121/2 - 3/(-6). Let x = 108 - r. What is the units digit of x?
7
Suppose -5*w = -3*h - 5322, 3191 = 3*w - 17*h + 13*h. What is the thousands digit of w?
1
Let v(u) = -u**3 - 15*u**2 - 33*u - 24. What is the units digit of v(-13)?
7
Suppose -1077 = 9*g - 12*g. What is the tens digit of g?
5
What is the hundreds digit of 4 - 0 - (-1077 + -7 + 3)?
0
Suppose -5*g = -2*p + 6451, -13*p + 4*g + 6446 = -11*p. What is the units digit of p?
3
Let f = -421 + 712. What is the hundreds digit of f?
2